 what is -24a1 - 3?
-24a4
In base 12, what is 353 + -16?
339
In base 15, what is -3 + 265?
262
In base 6, what is 0 - -23?
23
In base 2, what is -100110111 + 11?
-100110100
In base 8, what is -532 + 14?
-516
In base 6, what is -1005 + -1?
-1010
In base 8, what is 73 - 5?
66
In base 8, what is -163 - 0?
-163
In base 3, what is 10 - -1122102?
1122112
In base 7, what is -5 + -232?
-240
In base 9, what is -2 - 162?
-164
In base 14, what is 4 + -273?
-26d
In base 16, what is 5 - -29?
2e
In base 16, what is -77 - 1a?
-91
In base 12, what is 3 + 46?
49
In base 11, what is 5 + -14a?
-145
In base 7, what is 3 + 6455?
6461
In base 5, what is -3 + -3232?
-3240
In base 7, what is -2140 + 6?
-2131
In base 15, what is -35 - -1d8?
1a3
In base 4, what is 10 + 132231?
132301
In base 15, what is -5 - -39?
34
In base 16, what is -1 + -65?
-66
In base 6, what is 5200 + 2?
5202
In base 5, what is -143102 + -2?
-143104
In base 3, what is -11111 - 1?
-11112
In base 2, what is 100000001 + 100?
100000101
In base 6, what is 4 - 100453?
-100445
In base 2, what is 1110 + 111100001?
111101111
In base 12, what is -1 + -11b5?
-11b6
In base 9, what is 110 - 4?
105
In base 6, what is -1504 + 3?
-1501
In base 16, what is -5 - 14?
-19
In base 5, what is -2341 - 0?
-2341
In base 13, what is -5 - -5?
0
In base 3, what is -2 + 1222100?
1222021
In base 16, what is d - -3?
10
In base 15, what is 55b1 + 4?
55b5
In base 5, what is 1 - 21241?
-21240
In base 4, what is -200 + 10110?
3310
In base 4, what is 10 + -1122320?
-1122310
In base 7, what is 0 - -32?
32
In base 8, what is 7314 - -1?
7315
In base 7, what is -4 + -3534?
-3541
In base 7, what is 1425 + -5?
1420
In base 8, what is -2 + -2246?
-2250
In base 16, what is 30 - 2a?
6
In base 14, what is 555d + 3?
5562
In base 5, what is -1030 + 401?
-124
In base 4, what is -20 - 133?
-213
In base 11, what is 335 + -5?
330
In base 10, what is 592 - 3?
589
In base 7, what is -33213 - -5?
-33205
In base 5, what is -4212 + 0?
-4212
In base 15, what is 1635 - 0?
1635
In base 15, what is 7 - 370?
-368
In base 7, what is -12 + -2255?
-2300
In base 7, what is -1165 - 5?
-1203
In base 10, what is -4 + -420?
-424
In base 15, what is 1 + 1c?
1d
In base 4, what is -23 - 1?
-30
In base 8, what is -7 + 36?
27
In base 16, what is 6 + 40?
46
In base 2, what is -101 + -1000?
-1101
In base 10, what is 28 + 504?
532
In base 8, what is -234 + -5?
-241
In base 13, what is 5 - -309?
311
In base 5, what is 1033 + -4?
1024
In base 6, what is 10543 - 3?
10540
In base 12, what is 118 + 3?
11b
In base 12, what is -1 + -213?
-214
In base 15, what is 3b7 - -2?
3b9
In base 12, what is 60 + -3?
59
In base 6, what is -5 + -1523?
-1532
In base 7, what is 5 + -515?
-510
In base 14, what is c5 - 3?
c2
In base 15, what is -9ddb + -3?
-9dde
In base 3, what is 12020 - -1?
12021
In base 3, what is -1 - 2022011?
-2022012
In base 13, what is -c + -6?
-15
In base 13, what is 94 + 4?
98
In base 13, what is 880 - 5?
878
In base 4, what is -3 + -10123?
-10132
In base 14, what is 2c - 4?
28
In base 5, what is 12 - 124?
-112
In base 11, what is 3336 + -1?
3335
In base 10, what is -303 - -1?
-302
In base 7, what is -2426 - 0?
-2426
In base 11, what is 0 + -632?
-632
In base 2, what is -1000 + 100111?
11111
In base 14, what is -bb - 3?
-c0
In base 13, what is -8 - -78?
70
In base 3, what is 101000112 + -10?
101000102
In base 11, what is 726 + 5?
730
In base 2, what is 1000000 + 1101?
1001101
In base 14, what is 9b + -3?
98
In base 4, what is -2201 - -12?
-2123
In base 12, what is -112 - 5?
-117
In base 9, what is -1 + 5?
4
In base 15, what is -3 - 5a?
-5d
In base 14, what is 2331 - 0?
2331
In base 9, what is -5 - 47?
-53
In base 6, what is 1 - -3123?
3124
In base 16, what is 4 - 43?
-3f
In base 12, what is 671 + -2?
66b
In base 12, what is 62 - -1?
63
In base 11, what is -7a7 + -4?
-800
In base 10, what is -225 + 3?
-222
In base 16, what is 1 - 4c?
-4b
In base 11, what is 6 + -265?
-25a
In base 10, what is 1293 + -2?
1291
In base 15, what is 197 + 7?
19e
In base 7, what is 10 - -126?
136
In base 8, what is -73 + 1?
-72
In base 10, what is 1 + 1016?
1017
In base 5, what is 4 + -111?
-102
In base 9, what is -34 - -5?
-28
In base 12, what is 4 - -1242?
1246
In base 2, what is -1110011 + 1100?
-1100111
In base 5, what is 123 + -3?
120
In base 15, what is 0 + -63b?
-63b
In base 9, what is -2 + -87?
-100
In base 11, what is 154 - -10?
164
In base 3, what is 202 - -10?
212
In base 10, what is -16 - -14?
-2
In base 11, what is -408 - 8?
-415
In base 15, what is 5 - 5ca?
-5c5
In base 5, what is 1 - 142020?
-142014
In base 8, what is 137 + 2?
141
In base 4, what is -201110 + 23?
-201021
In base 11, what is 16 + -81?
-66
In base 13, what is -2 + 68a?
688
In base 6, what is 3122 - -4?
3130
In base 14, what is 1 + -57?
-56
In base 2, what is 101 - 10000110?
-10000001
In base 6, what is -225 - 2?
-231
In base 15, what is 14 - -50?
64
In base 9, what is 712 + 13?
725
In base 12, what is -196 - -5?
-191
In base 11, what is 6 + -786?
-780
In base 14, what is 6 - -81?
87
In base 3, what is 2 + 2101212?
2101221
In base 4, what is 201 - 0?
201
In base 11, what is -423 + -13?
-436
In base 2, what is 11 + -1111?
-1100
In base 7, what is -1402 + 1?
-1401
In base 7, what is 5 - -142?
150
In base 10, what is 6237 + -4?
6233
In base 11, what is -28 - 11?
-39
In base 7, what is 0 + 46?
46
In base 11, what is -5 + -59?
-63
In base 3, what is 121 + 120?
1011
In base 7, what is 21 - -4121?
4142
In base 11, what is 17 - -66?
82
In base 11, what is -3 + -239?
-241
In base 9, what is 4 - 10326?
-10322
In base 12, what is 1 - 1404?
-1403
In base 15, what is 3 + -10?
-c
In base 7, what is 0 + -36?
-36
In base 5, what is 0 - 1232?
-1232
In base 5, what is 3 + 1432?
1440
In base 3, what is 102101 + 1?
102102
In base 9, what is 4 - -115?
120
In base 8, what is -3 - 121?
-124
In base 13, what is -1 - 130?
-131
In base 2, what is -1 + 101100110?
101100101
In base 10, what is 185 + -35?
150
In base 16, what is -3e + -f?
-4d
In base 3, what is -121012021 - -2?
-121012012
In base 12, what is 252 + 4?
256
In base 2, what is 101 - -10000001100?
10000010001
In base 2, what is -1000001 - 10000?
-1010001
In base 10, what is 34 + 3?
37
In base 6, what is 53 - 0?
53
In base 11, what is -7 - 84?
-90
In base 3, what is 1 + 100010?
100011
In base 13, what is 374 + 0?
374
In base 9, what is -85 + -22?
-117
In base 16, what is 0 - -103?
103
In base 4, what is 10001 + 10?
10011
In base 9, what is 284 - 1?
283
In base 12, what is -3 - 1140?
-1143
In base 11, what is 41 - -239?
27a
In base 14, what is -2 - 117?
-119
In base 3, what is 0 + 2100002?
2100002
In base 13, what is 3 + -5a?
-57
In base 10, what is -25 - -13?
-12
In base 3, what is 2112 - -11?
2200
In base 8, what is 40 + -260?
-220
In base 3, what is -21 - 1?
-22
In base 13, what is -102 - -114?
12
In base 13, what is -377 - -3?
-374
In base 4, what is -110 + 2332?
2222
In base 15, what is -2d + -16?
-44
In base 13, what is 2 - -5a?
5c
In base 7, what is 330 + -22?
305
In base 3, what is 120 + 112?
1002
In base 10, what is 47 + 2?
49
In base 10, what is 86 - -1?
87
In base 14, what is 3 - 42?
-3d
In base 2, what is 10 + 1101101?
1101111
In base 4, what is 233113 + 0?
233113
In base 9, what is 166 + -3?
163
In base 15, what is -46e5 + 3?
-46e2
In base 9, what is 36 + -1472?
-1435
In base 4, what is 2 + 2012?
2020
In base 16, what is -8 - 107?
-10f
In base 12, what is -90 + 19?
-73
In base 9, what is 57 + 13?
71
In base 3, what is 100 + -1200?
-1100
In base 8, what is 35730 - 3?
35725
In base 7, what is 10 + 1543?
1553
In base 6, what is 2 + -2253?
-2251
In base 8, what is 134 - -261?
415
In base 5, what is 1213 + -34?
1124
In base 12, what is 12 + -205?
-1b3
In base 14, what is 1 - 123?
-122
In base 5, what is -3033 - 4?
-3042
In base 2, what is 10100001 - 10101?
10001100
In base 4, what is 2 - 22001?
-21333
In base 7, what is 11 + 51?
62
In base 14, what is 2 - -2?
4
In base 3, what is -11 + -1?
-12
In base 15, what is 4516 - 3?
4513
In base 4, what is 0 - -103322?
103322
In base 11, what is -57 - 3?
-5a
In base 8, what is 41 - 3?
36
In base 5, what is -1344 + -3?
-1402
In base 6, what is 211 + 15?
230
In base 15, what is 2a + -5?
25
In base 6, what is 104112 - 4?
104104
In base